{"id":5966,"date":"2021-11-16T08:11:54","date_gmt":"2021-11-16T06:11:54","guid":{"rendered":"https:\/\/memoera.fi\/?page_id=5966"},"modified":"2021-11-16T08:19:49","modified_gmt":"2021-11-16T06:19:49","slug":"eun-tuki","status":"publish","type":"page","link":"https:\/\/memoera.fi\/index.php\/eun-tuki\/","title":{"rendered":"Vipuvoimaa EU:lta"},"content":{"rendered":"<div data-colibri-id=\"5966-c1\" class=\"style-1931 style-local-5966-c1 position-relative\">\r\n  <!---->\r\n  <div data-colibri-component=\"section\" data-colibri-id=\"5966-c2\" id=\"custom\" class=\"h-section h-section-global-spacing d-flex align-items-lg-center align-items-md-center align-items-center style-1932 style-local-5966-c2 position-relative\">\r\n    <!---->\r\n    <!---->\r\n    <div class=\"h-section-grid-container h-section-boxed-container\">\r\n      <!---->\r\n      <div data-colibri-id=\"5966-c3\" class=\"h-row-container gutters-row-lg-2 gutters-row-md-2 gutters-row-0 gutters-row-v-lg-2 gutters-row-v-md-2 gutters-row-v-2 style-1933 style-local-5966-c3 position-relative\">\r\n        <!---->\r\n        <div class=\"h-row justify-content-lg-center justify-content-md-center justify-content-center align-items-lg-stretch align-items-md-stretch align-items-stretch gutters-col-lg-2 gutters-col-md-2 gutters-col-0 gutters-col-v-lg-2 gutters-col-v-md-2 gutters-col-v-2\">\r\n          <!---->\r\n          <div class=\"h-column h-column-container d-flex h-col-lg-auto h-col-md-auto h-col-auto style-1934-outer style-local-5966-c4-outer\">\r\n            <div data-colibri-id=\"5966-c4\" class=\"d-flex h-flex-basis h-column__inner h-px-lg-2 h-px-md-2 h-px-2 v-inner-lg-2 v-inner-md-2 v-inner-2 style-1934 style-local-5966-c4 position-relative\">\r\n              <!---->\r\n              <!---->\r\n              <div class=\"w-100 h-y-container h-column__content h-column__v-align flex-basis-100 align-self-lg-start align-self-md-start align-self-start\">\r\n                <!---->\r\n                <div data-colibri-id=\"5966-c5\" class=\"h-text h-text-component style-1935 style-local-5966-c5 position-relative h-element\">\r\n                  <!---->\r\n                  <!---->\r\n                  <div class=\"\">\r\n                    <p>Memoera Oy on saanut tukea Muistia ja liikunnallisuutta yll\u00e4pit\u00e4v\u00e4n kokonaisratkaisun kehitt\u00e4miseen EU:n Kest\u00e4v\u00e4\u00e4 kasvua ja ty\u00f6t\u00e4 2014-2020 \u2013 Suomen Rakennerahasto-ohjelmasta.<\/p>\r\n                    <p>Hanke kest\u00e4\u00e4 8\/2022<\/p>\r\n                    <p>Rahoituksen kokonaissumma on 27 500 euroa<\/p>\r\n                  <\/div>\r\n                <\/div>\r\n              <\/div>\r\n            <\/div>\r\n          <\/div>\r\n        <\/div>\r\n      <\/div>\r\n    <\/div>\r\n  <\/div>\r\n  <div data-colibri-component=\"section\" data-colibri-id=\"5966-c6\" id=\"custom-2\" class=\"h-section h-section-global-spacing d-flex align-items-lg-center align-items-md-center align-items-center style-1936 style-local-5966-c6 position-relative\">\r\n    <!---->\r\n    <!---->\r\n    <div class=\"h-section-grid-container h-section-boxed-container\">\r\n      <!---->\r\n      <div data-colibri-id=\"5966-c7\" class=\"h-row-container gutters-row-lg-2 gutters-row-md-2 gutters-row-0 gutters-row-v-lg-2 gutters-row-v-md-2 gutters-row-v-2 style-1937 style-local-5966-c7 position-relative\">\r\n        <!---->\r\n        <div class=\"h-row justify-content-lg-center justify-content-md-center justify-content-center align-items-lg-stretch align-items-md-stretch align-items-stretch gutters-col-lg-2 gutters-col-md-2 gutters-col-0 gutters-col-v-lg-2 gutters-col-v-md-2 gutters-col-v-2\">\r\n          <!---->\r\n          <div class=\"h-column h-column-container d-flex h-col-lg-auto h-col-md-auto h-col-auto style-1938-outer style-local-5966-c8-outer\">\r\n            <div data-colibri-id=\"5966-c8\" class=\"d-flex h-flex-basis h-column__inner h-px-lg-2 h-px-md-2 h-px-2 v-inner-lg-2 v-inner-md-2 v-inner-2 style-1938 style-local-5966-c8 position-relative\">\r\n              <!---->\r\n              <!---->\r\n              <div class=\"w-100 h-y-container h-column__content h-column__v-align flex-basis-100 align-self-lg-start align-self-md-start align-self-start\">\r\n                <!---->\r\n                <div data-colibri-id=\"5966-c10\" class=\"d-block style-1940 style-local-5966-c10 position-relative h-element\">\r\n                  <!---->\r\n                  <div class=\"h-image__frame-container-outer\">\r\n                    <div class=\"h-image__frame-container\">\r\n                      <!---->\r\n                      <!---->\r\n                      <img loading=\"lazy\" decoding=\"async\" width=\"1181\" height=\"836\" src=\"https:\/\/memoera.fi\/wp-content\/uploads\/2021\/11\/cropped-cropped-VipuvoimaaEU_2014_2020_rgb.png\" class=\"wp-image-5956 style-1940-image style-local-5966-c10-image\" alt=\"\" srcset=\"https:\/\/memoera.fi\/wp-content\/uploads\/2021\/11\/cropped-cropped-VipuvoimaaEU_2014_2020_rgb.png 1181w, https:\/\/memoera.fi\/wp-content\/uploads\/2021\/11\/cropped-cropped-VipuvoimaaEU_2014_2020_rgb-300x212.png 300w, https:\/\/memoera.fi\/wp-content\/uploads\/2021\/11\/cropped-cropped-VipuvoimaaEU_2014_2020_rgb-1024x725.png 1024w, https:\/\/memoera.fi\/wp-content\/uploads\/2021\/11\/cropped-cropped-VipuvoimaaEU_2014_2020_rgb-768x544.png 768w\" sizes=\"auto, (max-width: 1181px) 100vw, 1181px\" \/>\r\n                      <div class=\"h-image__frame h-hide-lg h-hide-md h-hide-sm style-1940-frameImage style-local-5966-c10-frameImage\"><\/div>\r\n                    <\/div>\r\n                  <\/div>\r\n                <\/div>\r\n              <\/div>\r\n            <\/div>\r\n          <\/div>\r\n          <div class=\"h-column h-column-container d-flex h-col-lg-auto h-col-md-auto h-col-auto style-1939-outer style-local-5966-c9-outer\">\r\n            <div data-colibri-id=\"5966-c9\" class=\"d-flex h-flex-basis h-column__inner h-px-lg-2 h-px-md-2 h-px-2 v-inner-lg-2 v-inner-md-2 v-inner-2 style-1939 style-local-5966-c9 position-relative\">\r\n              <!---->\r\n              <!---->\r\n              <div class=\"w-100 h-y-container h-column__content h-column__v-align flex-basis-100 align-self-lg-start align-self-md-start align-self-start\">\r\n                <!---->\r\n                <div data-colibri-id=\"5966-c11\" class=\"d-block style-1941 style-local-5966-c11 position-relative h-element\">\r\n                  <!---->\r\n                  <div class=\"h-image__frame-container-outer\">\r\n                    <div class=\"h-image__frame-container\">\r\n                      <!---->\r\n                      <!---->\r\n                      <img loading=\"lazy\" decoding=\"async\" width=\"354\" height=\"366\" src=\"https:\/\/memoera.fi\/wp-content\/uploads\/2021\/11\/cropped-cropped-cropped-EU_EAKR_ESR_FI_vertical_20mm_rgb.png\" class=\"wp-image-5969 style-1941-image style-local-5966-c11-image\" alt=\"\" srcset=\"https:\/\/memoera.fi\/wp-content\/uploads\/2021\/11\/cropped-cropped-cropped-EU_EAKR_ESR_FI_vertical_20mm_rgb.png 354w, https:\/\/memoera.fi\/wp-content\/uploads\/2021\/11\/cropped-cropped-cropped-EU_EAKR_ESR_FI_vertical_20mm_rgb-290x300.png 290w\" sizes=\"auto, (max-width: 354px) 100vw, 354px\" \/>\r\n                      <div class=\"h-image__frame h-hide-lg h-hide-md h-hide-sm style-1941-frameImage style-local-5966-c11-frameImage\"><\/div>\r\n                    <\/div>\r\n                  <\/div>\r\n                <\/div>\r\n              <\/div>\r\n            <\/div>\r\n          <\/div>\r\n        <\/div>\r\n      <\/div>\r\n    <\/div>\r\n  <\/div>\r\n<\/div>","protected":false},"excerpt":{"rendered":"<p>Memoera Oy on saanut tukea Muistia ja liikunnallisuutta yll\u00e4pit\u00e4v\u00e4n kokonaisratkaisun kehitt\u00e4miseen EU:n Kest\u00e4v\u00e4\u00e4 kasvua ja ty\u00f6t\u00e4 2014-2020 \u2013 Suomen Rakennerahasto-ohjelmasta. Hanke kest\u00e4\u00e4 8\/2022 Rahoituksen kokonaissumma on 27 500 euroa<\/p>\n","protected":false},"author":3,"featured_media":0,"parent":0,"menu_order":0,"comment_status":"closed","ping_status":"closed","template":"full-width-page.php","meta":{"om_disable_all_campaigns":false,"_monsterinsights_skip_tracking":false,"_monsterinsights_sitenote_active":false,"_monsterinsights_sitenote_note":"","_monsterinsights_sitenote_category":0,"_uf_show_specific_survey":0,"_uf_disable_surveys":false,"footnotes":""},"class_list":["post-5966","page","type-page","status-publish","hentry"],"aioseo_notices":[],"yoast_head":"<!-- This site is optimized with the Yoast SEO plugin v20.5 - https:\/\/yoast.com\/wordpress\/plugins\/seo\/ -->\n<title>Memoera -<\/title>\n<meta name=\"robots\" content=\"index, follow, max-snippet:-1, max-image-preview:large, max-video-preview:-1\" \/>\n<link rel=\"canonical\" href=\"https:\/\/memoera.fi\/index.php\/eun-tuki\/\" \/>\n<meta property=\"og:locale\" content=\"fi_FI\" \/>\n<meta property=\"og:type\" content=\"article\" \/>\n<meta property=\"og:title\" content=\"Memoera -\" \/>\n<meta property=\"og:description\" content=\"Memoera Oy on saanut tukea Muistia ja liikunnallisuutta yll\u00e4pit\u00e4v\u00e4n kokonaisratkaisun kehitt\u00e4miseen EU:n Kest\u00e4v\u00e4\u00e4 kasvua ja ty\u00f6t\u00e4 2014-2020 \u2013 Suomen Rakennerahasto-ohjelmasta. Hanke kest\u00e4\u00e4 8\/2022 Rahoituksen kokonaissumma on 27 500 euroa\" \/>\n<meta property=\"og:url\" content=\"https:\/\/memoera.fi\/index.php\/eun-tuki\/\" \/>\n<meta property=\"og:site_name\" content=\"Memoera\" \/>\n<meta property=\"article:publisher\" content=\"https:\/\/www.facebook.com\/muistikuntoamukavasti\/\" \/>\n<meta property=\"article:modified_time\" content=\"2021-11-16T06:19:49+00:00\" \/>\n<meta property=\"og:image\" content=\"https:\/\/memoera.fi\/wp-content\/uploads\/2021\/11\/cropped-cropped-VipuvoimaaEU_2014_2020_rgb.png\" \/>\n<meta name=\"twitter:card\" content=\"summary_large_image\" \/>\n<meta name=\"twitter:site\" content=\"@memoera\" \/>\n<script type=\"application\/ld+json\" class=\"yoast-schema-graph\">{\"@context\":\"https:\/\/schema.org\",\"@graph\":[{\"@type\":\"WebPage\",\"@id\":\"https:\/\/memoera.fi\/index.php\/eun-tuki\/\",\"url\":\"https:\/\/memoera.fi\/index.php\/eun-tuki\/\",\"name\":\"Memoera -\",\"isPartOf\":{\"@id\":\"https:\/\/memoera.fi\/#website\"},\"datePublished\":\"2021-11-16T06:11:54+00:00\",\"dateModified\":\"2021-11-16T06:19:49+00:00\",\"breadcrumb\":{\"@id\":\"https:\/\/memoera.fi\/index.php\/eun-tuki\/#breadcrumb\"},\"inLanguage\":\"fi\",\"potentialAction\":[{\"@type\":\"ReadAction\",\"target\":[\"https:\/\/memoera.fi\/index.php\/eun-tuki\/\"]}]},{\"@type\":\"BreadcrumbList\",\"@id\":\"https:\/\/memoera.fi\/index.php\/eun-tuki\/#breadcrumb\",\"itemListElement\":[{\"@type\":\"ListItem\",\"position\":1,\"name\":\"Home\",\"item\":\"https:\/\/memoera.fi\/\"},{\"@type\":\"ListItem\",\"position\":2,\"name\":\"Vipuvoimaa EU:lta\"}]},{\"@type\":\"WebSite\",\"@id\":\"https:\/\/memoera.fi\/#website\",\"url\":\"https:\/\/memoera.fi\/\",\"name\":\"Memoera\",\"description\":\"Muistikuntoa mukavasti\",\"publisher\":{\"@id\":\"https:\/\/memoera.fi\/#organization\"},\"potentialAction\":[{\"@type\":\"SearchAction\",\"target\":{\"@type\":\"EntryPoint\",\"urlTemplate\":\"https:\/\/memoera.fi\/?s={search_term_string}\"},\"query-input\":\"required name=search_term_string\"}],\"inLanguage\":\"fi\"},{\"@type\":\"Organization\",\"@id\":\"https:\/\/memoera.fi\/#organization\",\"name\":\"Memoera\",\"url\":\"https:\/\/memoera.fi\/\",\"logo\":{\"@type\":\"ImageObject\",\"inLanguage\":\"fi\",\"@id\":\"https:\/\/memoera.fi\/#\/schema\/logo\/image\/\",\"url\":\"https:\/\/memoera.fi\/wp-content\/uploads\/2020\/06\/Logo-800x800px.jpg\",\"contentUrl\":\"https:\/\/memoera.fi\/wp-content\/uploads\/2020\/06\/Logo-800x800px.jpg\",\"width\":800,\"height\":800,\"caption\":\"Memoera\"},\"image\":{\"@id\":\"https:\/\/memoera.fi\/#\/schema\/logo\/image\/\"},\"sameAs\":[\"https:\/\/www.facebook.com\/muistikuntoamukavasti\/\",\"https:\/\/twitter.com\/memoera\",\"https:\/\/www.youtube.com\/channel\/UC1oMj58JByi_BDcJqSpyC_g\/\"]}]}<\/script>\n<!-- \/ Yoast SEO plugin. -->","yoast_head_json":{"title":"Memoera -","robots":{"index":"index","follow":"follow","max-snippet":"max-snippet:-1","max-image-preview":"max-image-preview:large","max-video-preview":"max-video-preview:-1"},"canonical":"https:\/\/memoera.fi\/index.php\/eun-tuki\/","og_locale":"fi_FI","og_type":"article","og_title":"Memoera -","og_description":"Memoera Oy on saanut tukea Muistia ja liikunnallisuutta yll\u00e4pit\u00e4v\u00e4n kokonaisratkaisun kehitt\u00e4miseen EU:n Kest\u00e4v\u00e4\u00e4 kasvua ja ty\u00f6t\u00e4 2014-2020 \u2013 Suomen Rakennerahasto-ohjelmasta. Hanke kest\u00e4\u00e4 8\/2022 Rahoituksen kokonaissumma on 27 500 euroa","og_url":"https:\/\/memoera.fi\/index.php\/eun-tuki\/","og_site_name":"Memoera","article_publisher":"https:\/\/www.facebook.com\/muistikuntoamukavasti\/","article_modified_time":"2021-11-16T06:19:49+00:00","og_image":[{"url":"https:\/\/memoera.fi\/wp-content\/uploads\/2021\/11\/cropped-cropped-VipuvoimaaEU_2014_2020_rgb.png"}],"twitter_card":"summary_large_image","twitter_site":"@memoera","schema":{"@context":"https:\/\/schema.org","@graph":[{"@type":"WebPage","@id":"https:\/\/memoera.fi\/index.php\/eun-tuki\/","url":"https:\/\/memoera.fi\/index.php\/eun-tuki\/","name":"Memoera -","isPartOf":{"@id":"https:\/\/memoera.fi\/#website"},"datePublished":"2021-11-16T06:11:54+00:00","dateModified":"2021-11-16T06:19:49+00:00","breadcrumb":{"@id":"https:\/\/memoera.fi\/index.php\/eun-tuki\/#breadcrumb"},"inLanguage":"fi","potentialAction":[{"@type":"ReadAction","target":["https:\/\/memoera.fi\/index.php\/eun-tuki\/"]}]},{"@type":"BreadcrumbList","@id":"https:\/\/memoera.fi\/index.php\/eun-tuki\/#breadcrumb","itemListElement":[{"@type":"ListItem","position":1,"name":"Home","item":"https:\/\/memoera.fi\/"},{"@type":"ListItem","position":2,"name":"Vipuvoimaa EU:lta"}]},{"@type":"WebSite","@id":"https:\/\/memoera.fi\/#website","url":"https:\/\/memoera.fi\/","name":"Memoera","description":"Muistikuntoa mukavasti","publisher":{"@id":"https:\/\/memoera.fi\/#organization"},"potentialAction":[{"@type":"SearchAction","target":{"@type":"EntryPoint","urlTemplate":"https:\/\/memoera.fi\/?s={search_term_string}"},"query-input":"required name=search_term_string"}],"inLanguage":"fi"},{"@type":"Organization","@id":"https:\/\/memoera.fi\/#organization","name":"Memoera","url":"https:\/\/memoera.fi\/","logo":{"@type":"ImageObject","inLanguage":"fi","@id":"https:\/\/memoera.fi\/#\/schema\/logo\/image\/","url":"https:\/\/memoera.fi\/wp-content\/uploads\/2020\/06\/Logo-800x800px.jpg","contentUrl":"https:\/\/memoera.fi\/wp-content\/uploads\/2020\/06\/Logo-800x800px.jpg","width":800,"height":800,"caption":"Memoera"},"image":{"@id":"https:\/\/memoera.fi\/#\/schema\/logo\/image\/"},"sameAs":["https:\/\/www.facebook.com\/muistikuntoamukavasti\/","https:\/\/twitter.com\/memoera","https:\/\/www.youtube.com\/channel\/UC1oMj58JByi_BDcJqSpyC_g\/"]}]}},"_links":{"self":[{"href":"https:\/\/memoera.fi\/index.php\/wp-json\/wp\/v2\/pages\/5966","targetHints":{"allow":["GET"]}}],"collection":[{"href":"https:\/\/memoera.fi\/index.php\/wp-json\/wp\/v2\/pages"}],"about":[{"href":"https:\/\/memoera.fi\/index.php\/wp-json\/wp\/v2\/types\/page"}],"author":[{"embeddable":true,"href":"https:\/\/memoera.fi\/index.php\/wp-json\/wp\/v2\/users\/3"}],"replies":[{"embeddable":true,"href":"https:\/\/memoera.fi\/index.php\/wp-json\/wp\/v2\/comments?post=5966"}],"version-history":[{"count":3,"href":"https:\/\/memoera.fi\/index.php\/wp-json\/wp\/v2\/pages\/5966\/revisions"}],"predecessor-version":[{"id":5976,"href":"https:\/\/memoera.fi\/index.php\/wp-json\/wp\/v2\/pages\/5966\/revisions\/5976"}],"wp:attachment":[{"href":"https:\/\/memoera.fi\/index.php\/wp-json\/wp\/v2\/media?parent=5966"}],"curies":[{"name":"wp","href":"https:\/\/api.w.org\/{rel}","templated":true}]}}